{"id":103,"date":"2014-03-07T23:49:33","date_gmt":"2014-03-07T22:49:33","guid":{"rendered":"http:\/\/www.ra-zock.de\/?page_id=103"},"modified":"2014-03-07T23:57:57","modified_gmt":"2014-03-07T22:57:57","slug":"altweibersommer-frauenfeindlich","status":"publish","type":"page","link":"https:\/\/ra-zock.de\/?page_id=103","title":{"rendered":"&#8222;Altweibersommer&#8220; &#8211; frauenfeindlich?"},"content":{"rendered":"<p>LG Darmstadt<br \/>\nAz.: 3 O 535\/88<br \/>\nUrteil vom 02.02.1989<br \/>\n(NJW 1990, S. 1997 f.)<\/p>\n<p>Die im Jahre 1911 geborene Kl\u00e4gerin wehrte sich seit einigen Jahren dagegen, da\u00df in den Wetterberichten im Radio und im Fernsehen die im Sp\u00e4tsommer bzw. fr\u00fchen Herbst oft herrschende Sch\u00f6nwetterperiode als \u201eAltweibersommer&#8220; bezeichnet wird. Die Kl\u00e4gerin sah hierin eine Diskriminierung der Frauen. Ferner f\u00fchlte sie sich durch die Verwendung des Begriffs \u201eAltweibersommer&#8220; in ihren Pers\u00f6nlichkeitsrechten verletzt und verlangte, da\u00df der Begriff in den Wetterberichten nicht weiter benutzt werde. Sie f\u00fchlte sich durch den Begriff \u201eAltweibersommer&#8220; auch auf ihr Geschlecht diskriminiert, weil das Wort \u201eWeib&#8220; schon seit alters her in abf\u00e4lligem Sinne gebraucht w\u00fcrde, und zum anderen im Hinblick auf ihr Alter, weil mit der Bezeichnung \u201ealtes Weib&#8220; zum Ausdruck gebracht w\u00fcrde, da\u00df die Betreffende keine richtige Frau mehr sei. Sie hielt den Begriff \u201eAltweibersommer&#8220; ferner f\u00fcr wissenschaftlich nicht fundiert und meinte, die betreffende Sch\u00f6nwetterperiode k\u00f6nne ebenso auch als Nach- oder Sp\u00e4tsommer bezeichnet werden.<\/p>\n<p>Die Beklagte rechtfertigte die Verwendung des Begriffs \u201eAltweibersommer&#8220; damit, da\u00df dieser seit Jahrhunderten im deutschen Sprachgebrauch fest verankert sei. Er sei urspr\u00fcnglich eine Bezeichnung f\u00fcr die im Herbst bei sch\u00f6nem Wetter herumfliegenden Spinngewebe gewesen und erst sp\u00e4ter auf die Sch\u00f6nwetterperiode selbst \u00fcbertragen worden. Ferner sei dieser Begriff in der meteorologischen Wissenschaft sehr wohl gel\u00e4ufig. Der \u201eAltweibersommer&#8220; stellt eine von Ende September bis Anfang Oktober w\u00e4hrende trockene und heitere Wetterlage dar, bedingt durch einen sich von den Azoren bis S\u00fcdrussland erstreckenden hohen Luftdruck. Aus diesem Grunde sei der Begriff \u201eAltweibersommer&#8220; nach Ansicht der Beklagten auch positiv besetzt, weil allgemein damit etwas Angenehmes verbunden werde.<\/p>\n<p>Die Klage der Kl\u00e4gerin wurde am 02.02.1989 an \u201eAltweiberfastnacht&#8220; durch das Gericht abgewiesen. Insoweit konnte das Gericht keine Beleidigung oder Diskriminierung der Kl\u00e4gerin erkennen.<\/p>\n","protected":false},"excerpt":{"rendered":"<p>LG Darmstadt Az.: 3 O 535\/88 Urteil vom 02.02.1989 (NJW 1990, S. 1997 f.) Die im Jahre 1911 geborene Kl\u00e4gerin wehrte sich seit einigen Jahren dagegen, da\u00df in den Wetterberichten im Radio und im Fernsehen die im Sp\u00e4tsommer bzw. fr\u00fchen Herbst oft herrschende Sch\u00f6nwetterperiode als \u201eAltweibersommer&#8220; bezeichnet wird. Die Kl\u00e4gerin sah hierin eine Diskriminierung der [&hellip;]<\/p>\n","protected":false},"author":2,"featured_media":0,"parent":0,"menu_order":0,"comment_status":"closed","ping_status":"closed","template":"onecolumn-page.php","meta":{"footnotes":""},"class_list":["post-103","page","type-page","status-publish","hentry"],"_links":{"self":[{"href":"https:\/\/ra-zock.de\/index.php?rest_route=\/wp\/v2\/pages\/103","targetHints":{"allow":["GET"]}}],"collection":[{"href":"https:\/\/ra-zock.de\/index.php?rest_route=\/wp\/v2\/pages"}],"about":[{"href":"https:\/\/ra-zock.de\/index.php?rest_route=\/wp\/v2\/types\/page"}],"author":[{"embeddable":true,"href":"https:\/\/ra-zock.de\/index.php?rest_route=\/wp\/v2\/users\/2"}],"replies":[{"embeddable":true,"href":"https:\/\/ra-zock.de\/index.php?rest_route=%2Fwp%2Fv2%2Fcomments&post=103"}],"version-history":[{"count":3,"href":"https:\/\/ra-zock.de\/index.php?rest_route=\/wp\/v2\/pages\/103\/revisions"}],"predecessor-version":[{"id":107,"href":"https:\/\/ra-zock.de\/index.php?rest_route=\/wp\/v2\/pages\/103\/revisions\/107"}],"wp:attachment":[{"href":"https:\/\/ra-zock.de\/index.php?rest_route=%2Fwp%2Fv2%2Fmedia&parent=103"}],"curies":[{"name":"wp","href":"https:\/\/api.w.org\/{rel}","templated":true}]}}