{"id":48,"date":"2014-03-06T19:30:44","date_gmt":"2014-03-06T18:30:44","guid":{"rendered":"http:\/\/www.ra-zock.de\/?page_id=48"},"modified":"2014-03-07T20:00:58","modified_gmt":"2014-03-07T19:00:58","slug":"typisch-usa","status":"publish","type":"page","link":"https:\/\/ra-zock.de\/?page_id=48","title":{"rendered":"Typisch USA"},"content":{"rendered":"<p><span style=\"font-family: Verdana, Arial, Helvetica, sans-serif; font-size: small;\">In Charlotte, NC, kaufte ein Rechtsanwalt eine Kiste mit sehr seltenen und sehr teueren Zigarren und versicherte diese dann, unter anderem, gegen Feuerschaden. \u00dcber die n\u00e4chsten Monate rauchte er die Zigarren vollst\u00e4ndig auf und forderte die Versicherung auf (die erste Pr\u00e4mienzahlung war noch nicht einmal erbracht), den Schaden zu ersetzen. <\/span><\/p>\n<p><span style=\"font-family: Verdana, Arial, Helvetica, sans-serif; font-size: small;\">In seinem Anspruchsschreiben f\u00fchrte der Anwalt aus, dass die Zigarren \u201edurch eine Serie kleiner Feuersch\u00e4den\u201c vernichtet worden seien. Die Versicherung weigerte sich zu bezahlen mit der einleuchtenden Argumentation, dass er die Zigarren bestimmungsgem\u00e4\u00df verbraucht habe. Der Rechtsanwalt klagte und gewann! <\/span><\/p>\n<p><span style=\"font-family: Verdana, Arial, Helvetica, sans-serif; font-size: small;\">Das Gericht stimmte mit der Versicherung \u00fcberein, dass der Anspruch unversch\u00e4mt sei, doch ergab sich aus der Versicherungspolice, dass die Zigarren gegen jede Art von Feuer versichert seien und Haftungsausschl\u00fcsse nicht best\u00fcnden. Folglich m\u00fcsse die Versicherung bezahlen, was sie selbst vereinbart und unterschrieben habe. <\/span><\/p>\n<p><span style=\"font-family: Verdana, Arial, Helvetica, sans-serif; font-size: small;\">Statt ein langes und teueres Berufungsverfahren anzustrengen akzeptierte die Versicherung das Urteil und bezahlte 15.000$ an den Rechtsanwalt, der seine Zigarren in den zahlreichen \u201eFeuersch\u00e4den\u201c verloren hatte. <\/span><\/p>\n<p><span style=\"font-family: Verdana, Arial, Helvetica, sans-serif; font-size: small;\">Nachdem der Anwalt den Scheck der Versicherung eingel\u00f6st hatte, wurde er auf deren Antrag wegen 24 facher Brandstiftung verhaftet. Unter Hinweis auf seine zivilrechtliche Klage und seine Angaben vor Gericht wurde er wegen \u201evors\u00e4tzlicher Inbrandsetzung seines versichertem Eigentums\u201c zu 24 Monaten Freiheitsstrafe (ohne Bew\u00e4hrung) und 24.000$ Geldstrafe verurteilt. <\/span><span style=\"font-family: Verdana, Arial, Helvetica, sans-serif; font-size: small;\"><br \/>\n<!-- ende abstand nach unten--><\/span><\/p>\n","protected":false},"excerpt":{"rendered":"<p>In Charlotte, NC, kaufte ein Rechtsanwalt eine Kiste mit sehr seltenen und sehr teueren Zigarren und versicherte diese dann, unter anderem, gegen Feuerschaden. \u00dcber die n\u00e4chsten Monate rauchte er die Zigarren vollst\u00e4ndig auf und forderte die Versicherung auf (die erste Pr\u00e4mienzahlung war noch nicht einmal erbracht), den Schaden zu ersetzen. In seinem Anspruchsschreiben f\u00fchrte der [&hellip;]<\/p>\n","protected":false},"author":2,"featured_media":0,"parent":0,"menu_order":0,"comment_status":"closed","ping_status":"closed","template":"onecolumn-page.php","meta":{"footnotes":""},"class_list":["post-48","page","type-page","status-publish","hentry"],"_links":{"self":[{"href":"https:\/\/ra-zock.de\/index.php?rest_route=\/wp\/v2\/pages\/48","targetHints":{"allow":["GET"]}}],"collection":[{"href":"https:\/\/ra-zock.de\/index.php?rest_route=\/wp\/v2\/pages"}],"about":[{"href":"https:\/\/ra-zock.de\/index.php?rest_route=\/wp\/v2\/types\/page"}],"author":[{"embeddable":true,"href":"https:\/\/ra-zock.de\/index.php?rest_route=\/wp\/v2\/users\/2"}],"replies":[{"embeddable":true,"href":"https:\/\/ra-zock.de\/index.php?rest_route=%2Fwp%2Fv2%2Fcomments&post=48"}],"version-history":[{"count":1,"href":"https:\/\/ra-zock.de\/index.php?rest_route=\/wp\/v2\/pages\/48\/revisions"}],"predecessor-version":[{"id":50,"href":"https:\/\/ra-zock.de\/index.php?rest_route=\/wp\/v2\/pages\/48\/revisions\/50"}],"wp:attachment":[{"href":"https:\/\/ra-zock.de\/index.php?rest_route=%2Fwp%2Fv2%2Fmedia&parent=48"}],"curies":[{"name":"wp","href":"https:\/\/api.w.org\/{rel}","templated":true}]}}